 910?
70
What is the highest common divisor of 2976 and 2448240?
48
Calculate the greatest common divisor of 30612923 and 583.
11
Calculate the greatest common factor of 1402905 and 275840.
2155
Calculate the greatest common divisor of 663648 and 1452.
12
Calculate the highest common factor of 36936 and 90612.
108
Calculate the greatest common factor of 23328 and 15300576.
2592
What is the greatest common factor of 1436 and 15966166?
718
Calculate the highest common factor of 37880183 and 12331.
649
Calculate the greatest common factor of 8 and 913609.
1
What is the greatest common divisor of 225 and 10362969?
9
What is the greatest common divisor of 102262230 and 14?
14
What is the greatest common divisor of 65623350 and 1300?
650
What is the greatest common factor of 76 and 31023428?
76
What is the highest common divisor of 67045 and 28861415?
2915
What is the greatest common divisor of 10734226 and 186462?
2302
What is the greatest common factor of 34786137 and 3?
3
Calculate the greatest common divisor of 94 and 21807389.
47
What is the highest common divisor of 11077696 and 266?
14
Calculate the highest common factor of 34418916 and 1512.
252
What is the greatest common divisor of 594 and 1402281?
9
What is the greatest common divisor of 635178155 and 215?
215
What is the greatest common divisor of 3374254 and 207298?
1742
Calculate the highest common divisor of 194373 and 12535.
23
What is the highest common factor of 42375 and 35595?
1695
Calculate the highest common factor of 7524 and 7795491.
627
What is the highest common divisor of 1711 and 4731901?
29
Calculate the highest common divisor of 20706 and 232029.
609
What is the highest common divisor of 1554531 and 2608?
163
What is the highest common factor of 158250 and 27008?
422
Calculate the highest common factor of 1849 and 607416839.
1849
What is the highest common factor of 324 and 378976?
4
What is the greatest common divisor of 27208 and 8544744?
1432
What is the greatest common divisor of 57469 and 1606001?
101
Calculate the greatest common divisor of 25921 and 13965071.
529
What is the greatest common factor of 5794005 and 30?
15
Calculate the highest common divisor of 44 and 43281502.
22
Calculate the highest common factor of 222937 and 11121.
11
Calculate the highest common divisor of 2570282 and 92378.
5434
What is the greatest common divisor of 875842690 and 60?
10
Calculate the greatest common factor of 448459 and 413.
59
What is the greatest common divisor of 95949 and 93883812?
4569
Calculate the highest common divisor of 736306477 and 1193.
1193
What is the highest common divisor of 64000 and 4064?
32
What is the highest common factor of 15440387 and 2883?
961
What is the greatest common factor of 1547 and 7613977?
119
What is the highest common divisor of 131 and 12403342?
131
Calculate the greatest common factor of 5496100 and 5618.
106
Calculate the highest common divisor of 7551264 and 371482.
1322
Calculate the highest common factor of 123513364 and 136.
68
What is the highest common factor of 19 and 85352921?
19
What is the highest common factor of 62041267 and 2956?
739
What is the greatest common divisor of 42 and 3238053?
21
What is the highest common divisor of 175 and 71525825?
175
Calculate the highest common divisor of 982 and 303028506.
982
What is the greatest common divisor of 48160449 and 280950?
5619
Calculate the greatest common factor of 4123 and 2600380223.
4123
Calculate the greatest common divisor of 7742685 and 15.
15
What is the highest common factor of 158 and 118056494?
158
Calculate the greatest common factor of 25997898 and 443.
443
Calculate the greatest common factor of 96100 and 424762.
1922
What is the greatest common factor of 8469251 and 2545?
509
Calculate the greatest common divisor of 2614775 and 659075.
1025
Calculate the greatest common divisor of 1919556 and 56124.
36
What is the greatest common divisor of 219 and 817045419?
219
What is the highest common factor of 6549967012 and 4612?
4612
What is the highest common factor of 466974421 and 4892?
1223
What is the greatest common factor of 1113063123 and 4611?
4611
Calculate the greatest common factor of 25465400 and 926300.
15700
Calculate the greatest common factor of 365923 and 24745.
101
Calculate the highest common factor of 20240 and 6620.
20
Calculate the highest common divisor of 126757750 and 1500.
250
What is the greatest common factor of 125 and 1573025?
25
What is the highest common divisor of 71030 and 2440?
10
Calculate the greatest common factor of 1010490 and 119730.
390
What is the highest common divisor of 5128245 and 135?
135
What is the greatest common divisor of 107936450 and 1098?
122
What is the highest common factor of 287137565 and 286?
143
Calculate the greatest common divisor of 129450 and 2040000.
150
Calculate the highest common factor of 481117 and 12751.
311
Calculate the highest common factor of 517 and 19634109.
517
What is the greatest common divisor of 11652055 and 85?
85
Calculate the greatest common divisor of 2254264 and 56.
8
What is the greatest common divisor of 42 and 70818?
6
Calculate the highest common factor of 766495 and 44485.
205
Calculate the greatest common divisor of 990783 and 5078718.
2547
Calculate the greatest common factor of 155 and 2423053.
31
Calculate the highest common factor of 397844 and 7800764.
5036
Calculate the greatest common divisor of 3099986 and 2162.
46
What is the greatest common divisor of 33875 and 195625?
125
Calculate the greatest common divisor of 159972144 and 86880.
8688
Calculate the highest common divisor of 97362441 and 18145.
3629
What is the highest common factor of 1285106 and 1450?
58
Calculate the highest common divisor of 9234499 and 58.
29
What is the greatest common factor of 7101011 and 17521?
2503
Calculate the highest common factor of 3834 and 211410.
54
What is the highest common factor of 7495224 and 2670?
534
What is the highest common divisor of 1578 and 18264824?
526
Calculate the highest common factor of 8081206 and 862078.
6202
Calculate the greatest common factor of 2670287958 and 2106.
2106
Calculate the greatest common factor of 69073108 and 884.
884
What is the highest common divisor of 364905 and 297?
27
Calculate the highest common factor of 19986609 and 48645.
3243
Calculate the greatest common factor of 14 and 34462642.
2
What is the greatest common divisor of 42275628 and 180?
36
What is the greatest common factor of 9298015 and 5?
5
What is the highest common divisor of 308 and 19155092?
44
What is the highest common factor of 2313782 and 19171?
19
Calculate the highest common factor of 14938 and 54446294.
1358
Calculate the highest common divisor of 34609 and 2282888.
653
What is the greatest common divisor of 52078288 and 16?
16
What is the highest common divisor of 61320630 and 1605?
1605
What is the greatest common divisor of 144 and 33004?
4
What is the greatest common divisor of 30948122 and 254?
254
Calculate the greatest common divisor of 27200 and 1232840.
680
Calculate the highest common factor of 23295551 and 293.
293
What is the highest common factor of 974788 and 2784?
4
What is the greatest common divisor of 246216 and 84?
12
What is the greatest common divisor of 60355 and 2495?
5
Calculate the greatest common divisor of 7452088 and 84.
28
Calculate the highest common divisor of 51825 and 26325.
75
What is the greatest common factor of 1230 and 1650754095?
615
Calculate the highest common factor of 104 and 201636.
4
Calculate the highest common divisor of 169506 and 14162.
146
Calculate the highest common divisor of 211208 and 85415.
1553
What is the greatest common divisor of 43857114 and 21?
21
Calculate the greatest common factor of 350796 and 12444.
12
What is the highest common factor of 1009006 and 51538?
146
Calculate the highest common divisor of 2764 and 229828.
4
What is the greatest common factor of 60468 and 7248?
12
Calculate the highest common divisor of 63604912 and 376.
376
What is the highest common divisor of 56 and 32284644?
28
Calculate the highest common factor of 8004064 and 66872.
5144
What is the highest common divisor of 6213153 and 13767?
1059
Calculate the highest common divisor of 2980488 and 10622.
226
What is the high